{"id":12,"date":"2013-05-31T11:57:37","date_gmt":"2013-05-31T11:57:37","guid":{"rendered":"http:\/\/zephyr.us-themes.com\/pages\/about\/"},"modified":"2016-07-22T11:20:10","modified_gmt":"2016-07-22T17:20:10","slug":"nosotros","status":"publish","type":"page","link":"https:\/\/www.etico.mx\/?page_id=12","title":{"rendered":"Nosotros"},"content":{"rendered":"<section class=\"l-section wpb_row height_medium\"><div class=\"l-section-h i-cf\"><div class=\"g-cols offset_medium\"><div class=\" one-half\"><div class=\"wpb_text_column \"><div class=\"wpb_wrapper\">\n<h2>\u00bfQui\u00e9nes somos?<\/h2>\n<\/div> <\/div> <div class=\"w-separator type_invisible size_small thick_1 style_solid color_border cont_none\"><span class=\"w-separator-h\"><\/span><\/div><div class=\"wpb_text_column \"><div class=\"wpb_wrapper\">\n<div class=\"wpb_text_column \">\n<div class=\"wpb_wrapper\">\n<p>Somos una empresa 100% mexicana, especializada en soluciones de tecnolog\u00edas de la informaci\u00f3n y telecomunicaciones, comprometida con el \u00e9xito de los proyectos de nuestros clientes.<\/p>\n<p>En <strong>\u00c9tico<\/strong>, todos los d\u00edas buscamos la mejora continua y estamos comprometidos con el crecimiento de nuestros colaboradores a trav\u00e9s de capacitaci\u00f3n constante, y oportunidades equitativas.<\/p>\n<\/div>\n<\/div>\n<\/div> <\/div> <div class=\"w-separator type_invisible size_medium thick_1 style_solid color_border cont_none\"><span class=\"w-separator-h\"><\/span><\/div>\n\t\t\t<div class=\"ult_dual_button  ult-adjust-bottom-margin to-left  \"  data-response=\"on\" id=\"ult_btn_1151192169\">\n\n\t\t\t<div id=\"dualbtn-9822\" class=\"ulitmate_dual_buttons ult-dual-btn ult_main_dualbtn \" data-bcolor=\"#333333\"data-bhcolor=\"\">\n\n\t\t\t<div class=\"ult_dualbutton-wrapper btn-inline place-template bt1 \"><a href = \"http:\/\/www.etico.mx\/contacto\/\" target=''class=\"ult_ivan_button   round-square  with-icon icon-before with-text place-template ult_dual1\" style=\";margin-right:px;;background-color:#0c0c0c !important;; border-color:#333333;border-style:;border-width:0px;border-radius:px;;\">\n\t\t\t<span class=\"ult-dual-btn-1 Style 1\" style=\"\"  data-bgcolor=\"#0c0c0c\" data-bghovercolor=\"#3d3d3d\" data-icon_color=\"#333333\" data-icon_hover_color=\"#333333\" data-textcolor=\"#ffffff\" data-texthovercolor=\"#ffffff\" data-iconbgcolor=\"transperent\" data-iconbghovercolor=\"transperent\" data-iconborder=\"transperent\" data-iconhoverborder=\"transperent\" >\n\t\t\t<span class=\"icon-simple icon-left1 ult_btn1span ult-dual-btn-no-icon\"  style=\";padding-left:0px; \"><\/span>\n\t\t\t<span class=\"text-btn ult-dual-button-title ult-responsive\"  data-ultimate-target='#dualbtn-9822 .ult-dual-button-title'  data-responsive-json-new='{\"font-size\":\"desktop:15px;\",\"line-height\":\"desktop:15px;\"}'  style=\"font-weight:normal;color:#ffffff;\">Contactanos<\/span>\n\n\t\t\t<\/span>\n\t\t\t<\/a><span class=\"middle-text\" style=\"line-height: 1.8em;color:#ffffff;background-color:#333333;border-width:0px;\">\n\t\t\t<span class=\"middle-inner\"  >o<\/span>\n\t\t\t<\/span>\n\n\t\t\t<\/div>\n\n\t\t\t<div class=\"ult_dualbutton-wrapper btn-inline place-template btn2 \"><a href = \"http:\/\/www.etico.mx\/servicios\/\" target='' class=\"ult_ivan_button   round-square  with-icon icon-after with-text place-template ult_dual2\"  style=\";background-color:#dd0000 !important;;margin-left:px;;border-color:#333333;border-style:;border-width:0px;border-radius:px;\">\n\t\t\t<span class=\"ult-dual-btn-2 Style 1\"  data-bgcolor=\"#dd0000\" data-bghovercolor=\"#dd2a2a\" data-icon_color=\"#333333\" data-icon_hover_color=\"#333333\" data-textcolor=\"#ffffff\" data-texthovercolor=\"#ffffff\" data-iconbgcolor=\"transperent\" data-iconbghovercolor=\"transperent\" data-iconborder=\"transperent\" data-iconhoverborder=\"transperent\" >\n\t\t\t<span class=\"text-btn ult-dual-button-title\" style=\"font-weight:normal;color:#ffffff;\">Servicios<\/span>\n\n\t\t\t<span class=\"icon-simple icon-right2 ult_btn1span ult-dual-btn-no-icon\"  style=\";padding-left:0px; \"><\/span>\n\t\t\t<\/span>\n\t\t\t<\/a><\/div>\n\t\t\t<\/div>\n\t\t\t<\/div><\/div><div class=\" one-half\"><div class=\"w-image \"><img width=\"603\" height=\"474\" src=\"https:\/\/www.etico.mx\/wp-content\/uploads\/2013\/05\/programador2.jpg\" class=\"attachment-large size-large\" alt=\"\" loading=\"lazy\" srcset=\"https:\/\/www.etico.mx\/wp-content\/uploads\/2013\/05\/programador2.jpg 603w, https:\/\/www.etico.mx\/wp-content\/uploads\/2013\/05\/programador2-300x236.jpg 300w, https:\/\/www.etico.mx\/wp-content\/uploads\/2013\/05\/programador2-600x472.jpg 600w\" sizes=\"(max-width: 603px) 100vw, 603px\" \/><\/div><\/div><\/div><\/div><\/section>\n","protected":false},"excerpt":{"rendered":"\u00bfQui\u00e9nes somos? Somos una empresa 100% mexicana, especializada en soluciones de tecnolog\u00edas de la informaci\u00f3n y telecomunicaciones, comprometida con el \u00e9xito de los proyectos de nuestros clientes. En \u00c9tico, todos los d\u00edas buscamos la mejora continua y estamos comprometidos con...","protected":false},"author":1,"featured_media":0,"parent":0,"menu_order":0,"comment_status":"closed","ping_status":"closed","template":"","meta":[],"_links":{"self":[{"href":"https:\/\/www.etico.mx\/index.php?rest_route=\/wp\/v2\/pages\/12"}],"collection":[{"href":"https:\/\/www.etico.mx\/index.php?rest_route=\/wp\/v2\/pages"}],"about":[{"href":"https:\/\/www.etico.mx\/index.php?rest_route=\/wp\/v2\/types\/page"}],"author":[{"embeddable":true,"href":"https:\/\/www.etico.mx\/index.php?rest_route=\/wp\/v2\/users\/1"}],"replies":[{"embeddable":true,"href":"https:\/\/www.etico.mx\/index.php?rest_route=%2Fwp%2Fv2%2Fcomments&post=12"}],"version-history":[{"count":11,"href":"https:\/\/www.etico.mx\/index.php?rest_route=\/wp\/v2\/pages\/12\/revisions"}],"predecessor-version":[{"id":5507,"href":"https:\/\/www.etico.mx\/index.php?rest_route=\/wp\/v2\/pages\/12\/revisions\/5507"}],"wp:attachment":[{"href":"https:\/\/www.etico.mx\/index.php?rest_route=%2Fwp%2Fv2%2Fmedia&parent=12"}],"curies":[{"name":"wp","href":"https:\/\/api.w.org\/{rel}","templated":true}]}}